9 + (6 - 3) + 42403?
42397
Let q be (-10 + (-846)/3)*-2. Suppose 4*a = 2*u + 736, -3*u + a = 4*a + 1122. Let o = u + q. List the prime factors of o.
2, 53
Suppose 24 = 4*t + 4*t. Suppose 4*z - 8 = t*z - 3*u, -3*z = -4*u - 11. Suppose 88 = 9*o - z*o. What are the prime factors of o?
2, 11
Let d = 0 - 0. Let w be 48/(-10) - (-138)/(-115). List the prime factors of (36/(-8) + d)*w.
3
Let n = 614 + -670. Let c be ((-26)/(-4))/(2/28). Let d = c + n. List the prime factors of d.
5, 7
Let q = -17706 + 47930. List the prime factors of q.
2, 1889
Suppose 8735 = -10*b + 7*b + z, 2*b = -2*z - 5810. Let c = b - -4206. List the prime factors of c.
2, 3
Suppose 2*g = -4*o + 80522, 54428 = -5*o - 5*g + 155068. List the prime factors of o.
3, 2237
Suppose 12167 = l - q, 3*l + 2*q - 11927 - 24579 = 0. What are the prime factors of l?
2, 3, 13
List the prime factors of ((-3219)/(-74))/(2 + 22025/(-11020)).
2, 19, 29
Suppose -c = 3*v + 30, 3*v = c - 5*c - 21. What are the prime factors of -2 - 5 - (-196 + v)?
2, 5
Let i(k) = -2*k**3 - 2*k**2 - 6*k + 11. Let r(f) = 6*f**3 + 5*f**2 + 20*f - 32. Let w(y) = 8*i(y) + 3*r(y). List the prime factors of w(5).
277
Let h be (-8)/(-1 + -3) + -311. Let o = 82 - h. Let b = o - 266. List the prime factors of b.
5
Suppose 2*i = 3*w + 120393, 4*i + 6*w = 2*w + 240716. What are the prime factors of i?
2, 3, 7, 1433
Let u be 1/((-33)/(-6)) - 408/66. What are the prime factors of (2 + -1 + 1)/(u/(-204))?
2, 17
Let u = -647 + 1081. Suppose -k + 0*k = -3*q + 260, -1049 = 4*k - 3*q. Let v = k + u. What are the prime factors of v?
3, 19
Suppose -15 = -75*s + 70*s. Suppose 0 = -z - 3*i + 287, s*i = -0*i + 3. List the prime factors of z.
2, 71
Let q = 218 + -213. What are the prime factors of (4851/35 + -3)*q?
2, 3, 113
Suppose -4*i + 2*i = -4. Let a be 168 - (-5 + 3 + i*1). Suppose -a = -5*l + 3*l. List the prime factors of l.
2, 3, 7
Let b(p) = 250*p + 40. Suppose 2*a - 4 + 0 = -2*r, 3*a - 5*r - 6 = 0. What are the prime factors of b(a)?
2, 3, 5
Let j = -602 - -613. Let m(h) = 7*h**2 + 34*h - 89. What are the prime factors of m(j)?
2, 283
Suppose i = 7*i + 1266. Let t = -104 - i. What are the prime factors of t?
107
Suppose 0*f + 5*f + 310 = 0. Let m = f + 10. Let a = 74 + m. List the prime factors of a.
2, 11
Suppose -5*s + 17 = -5*q - 43, -2*s = -3*q - 26. Suppose -r = s*r - 1386. List the prime factors of r.
2, 3, 7
Let n(t) = 673*t**2 + 205*t + 1224. What are the prime factors of n(-6)?
2, 3, 11, 367
Suppose -5*q + 5 = -5, -2*x = 2*q - 420. Let h = 43 + 29. Suppose 2*s - x = -h. List the prime factors of s.
2, 17
Let b = -1048 + 991. Let h be ((-4)/(-2) - 2) + 2. What are the prime factors of b/h*(-20)/15?
2, 19
Let n be 156/10 + -2 - 9/15. Let t(k) = 2*k**3 - 26*k**2 + 8*k + 7. Let g be t(n). List the prime factors of (g - 7) + 6/(-2) + 0.
101
Suppose 25*t - 154064 = -2*v + 22*t, v - 77022 = -4*t. What are the prime factors of v?
2, 13, 2963
Let v(a) = a**2 + 9*a + 18. Let j be v(-16). Let l = -69 + j. Suppose 3*d + 3*n - 219 = 0, -d + 2*n = -21 - l. List the prime factors of d.
2, 19
Let v be 3/2*7/((-42)/(-8)). Suppose -u - v*p + 108 = 0, -4*u + 0*p + 436 = 4*p. Suppose -114 - u = -4*w. List the prime factors of w.
2, 7
Let a(g) = -g**3 + 4*g**2 + g - 4. Let v = -8 - -19. Suppose v = 4*s + 3. What are the prime factors of a(s)?
2, 3
Let l = 252 + -244. Let g(t) = 67*t + 7. List the prime factors of g(l).
3, 181
Let h(o) = -140*o**2 - 9*o - 18. Let p be h(-2). List the prime factors of p/(-6) + (-46)/(-69).
2, 47
Let c = 72176 + -40195. List the prime factors of c.
31981
Let s be 5638/6 + 3/9. Suppose -3*r = 6*h - h - 1386, -2*r + 2*h = -s. List the prime factors of r.
467
List the prime factors of ((-3215)/(-1))/((-206)/(-412)).
2, 5, 643
Let b(r) = -64*r + 7398. List the prime factors of b(0).
2, 3, 137
Suppose -4*p + 140 = -4*n, 2*n = -3*p - n + 81. Let i = p + -31. Suppose i = 7*z + 4*z - 858. What are the prime factors of z?
2, 3, 13
Let p be (-1 - -5)/(-4) + (113 - 1). Suppose -2*h + 213 = -p. What are the prime factors of (h/(-4)*2)/(-1)?
3
Let z = -4 + -4. Let i be 1912/12 + z/6. Let u = i + -113. What are the prime factors of u?
3, 5
Let o(d) = d**3 + 8*d**2 - 11*d - 21. Let t be o(-9). List the prime factors of (-368 - 4)/(-2) + t.
3, 61
Let q be 8/(-6)*(99/44)/(-3). What are the prime factors of -60 + 1131 - -3*q?
2, 3, 179
Suppose g - 3*q - 3 = 0, 0 = 4*g + q - 6 - 6. Suppose -5*x - g*d + 4036 = 0, -33*d - 4042 = -5*x - 34*d. List the prime factors of x.
809
Suppose 4*r = -4*q + 148, -5*q + 103 = 2*r + r. Let i = 34 + r. Suppose i = -o + 4*o. List the prime factors of o.
5
Let j be -1 + 684 - -1 - (-12)/3. Let f = 1102 - j. List the prime factors of f.
2, 3, 23
Let d = 20 + -20. Suppose d = -0*o - 2*o + 620. What are the prime factors of o?
2, 5, 31
Suppose 0 = 2*b - 0*b + 2. Suppose -26 - 19 = -5*j. List the prime factors of j + 100 - (1 + b).
109
Suppose 154*s - 148*s = -198. Let r(p) = 12*p - 6. Let j be r(-5). Let f = s - j. List the prime factors of f.
3, 11
Let z(o) be the second derivative of 104*o**4 - 7*o**3/6 + 7*o**2/2 + 21*o. Let x be z(1). Suppose y - x = -11*y. What are the prime factors of y?
2, 13
Let v(o) = 17*o**2 + 5*o - 53. Let a = 21 - 15. List the prime factors of v(a).
19, 31
Suppose 5*p + 335 = 335. Suppose -95*y + 92*y + 189 = p. List the prime factors of y.
3, 7
Suppose 17*n - 4*n - 263753 = -28*n. List the prime factors of n.
7, 919
Let b be 7/((-210)/36)*-15. Suppose 7*h + 4367 = b*h. What are the prime factors of h?
397
Let n = -199 - -372. Let u = n - 142. What are the prime factors of u?
31
Let g = 8553 - -553. List the prime factors of g.
2, 29, 157
List the prime factors of (-6)/(-54) + (517096/9)/8.
2, 3, 7, 19
List the prime factors of ((-68229)/684)/((1/54*2)/(-4)).
3, 7, 19
Let a(k) = -3551*k + 7201. List the prime factors of a(-14).
5, 11383
Let j(n) = n**3 + 19*n**2 + 9*n - 25. Let m be j(-16). Suppose m*y - 600*y = -1396. What are the prime factors of y?
2, 349
Let x = 1036 - 517. Let q = 1164 - x. What are the prime factors of q?
3, 5, 43
Suppose n = 4*t - 5, -7 = 11*t - 7*t - 5*n. Suppose -t*v + 62 = 52. What are the prime factors of v?
5
Suppose -2*v - t + 632 = 2*t, -5*t - 1630 = -5*v. Suppose 3*b = -5*q + 780, 4*q + b - 309 = v. What are the prime factors of q?
3, 53
Let t = -38 - -47. List the prime factors of t/6*(-1 - (-11262)/18).
937
Let n be 3 - (-6)/(4 - 1). Let s(f) = -22 + 1 - 4*f + 0 + 13*f. List the prime factors of s(n).
2, 3
Let a(h) = -h**2 + 12*h - 12. Let f be a(9). Suppose f = -4*r - 289. Let w = 122 + r. List the prime factors of w.
2, 23
Let o(m) = 3*m**3 - m**2 - 6*m + 9. Let d be o(3). Let p = d + -36. Let c = p + 67. What are the prime factors of c?
2, 47
What are the prime factors of 14841 + (((-48)/(-20)*5)/3 - 2)?
14843
Suppose 0 = 2*b + 1 - 15. Let q = b + -2. Suppose q*c - 504 = -c. What are the prime factors of c?
2, 3, 7
Let z be ((0 - -5) + 7)*45/(-6). Let b be 1/1 + 4 + z. Let j = b - -229. What are the prime factors of j?
2, 3
Let j(h) = 479*h**2 - 99*h - 42. List the prime factors of j(6).
2, 3, 173
Let n(b) = -b**3 + 8*b**2 + 2*b + 15719. List the prime factors of n(0).
11, 1429
Let s be (42/6)/(-14) + (-38)/(-4). Let r(c) = 2*c - 18. Let q be r(s). Suppose q = -6*d + 2*d + 96. List the prime factors of d.
2, 3
Suppose 3*w = -2*p - 67, 0*p + 3*p - 57 = 3*w. Suppose 484 = 11*m - 15*m. Let j = w - m. List the prime factors of j.
2, 5
Let z(w) = -6*w + 8. Suppose 0 = 11*c - 7*c - 48. Suppose 9*l - c*l = 39. What are the prime factors of z(l)?
2, 43
Let q(m) = -m**3 - 2*m**2 + 5*m - 30. Let c be q(-5). Suppose -16*t = -c*t + 3500. What are the prime factors of t?
5, 7
Suppose 0*z - 1595 = -29*z. Suppose -50*l = -z*l + 2180. List the prime factors of l.
2, 109
Let y(a) = -a**2 - a + 13. Let b be y(-4). Let z(v) = 13*v - 1 - 4 - 6 - b. What are the prime factors of z(6)?
2, 3, 11
Let g(f) = 43 - 56 - 3*f + 94 - f. Let v be g(0). Suppose 0 = 5*q + 3*j - 1018, 4*j - v = -q + 109. List the prime factors of q.
2, 103
Let d = -14354 - -26729. List the prime factors of d.
3, 5, 11
Let r be (-39)/91 - (-52853)/7. Suppose -7*l - r = -5*o - 2*l, 2*o + 2*l - 3004 = 0. What are the prime factors of o?
2, 3, 251
Suppose 23*j - 17*j = 18. Suppose -2*s +